hat is l(w)?
3
Let p be -4 + (-2 - 98)/(-10). Let j(y) = 3*y**2 - 2*y + 11. Let h(v) = -3*v**2 + 3*v - 14. Let b(i) = p*j(i) + 5*h(i). What is b(-3)?
14
Let o(j) = -5*j**3 + 59*j**2 + 12*j + 6. Let s be 2/(-10) + ((-2)/7)/((-300)/12810). Give o(s).
6
Let o(u) = 3*u**2 - 4*u + 2. Let h(d) = -7*d**2 + 9*d - 4. Let g(a) = 4*h(a) + 9*o(a). Suppose 6 = 22*t - 25*t - 4*z, -4*z - 8 = 4*t. What is g(t)?
-2
Let n(i) = -i. Let m = 1 + -7. Let j be (108/81)/((-1)/(-9)). Let p = m + j. Calculate n(p).
-6
Let o(h) = 10*h + 11. Let c(s) = 12*s + 12. Let b(v) = 6*c(v) - 7*o(v). Let m(t) = t**2 - 2*t + 1. Let k(i) = -b(i) - m(i). Determine k(-6).
-32
Let i(v) = -330*v - 1324. Let u be i(-4). Let f(h) = -12*h - 48. What is f(u)?
0
Let v = 34242 - 34242. Let k(g) = -4*g - 137. What is k(v)?
-137
Let g(q) = -2*q**2 + 9*q + 8. Let v be (8 - 12)/((-16)/28). Calculate g(v).
-27
Let h(g) = 62*g + 29. Let r(c) = 109*c + 59. Let y(l) = 7*h(l) - 4*r(l). Give y(-21).
9
Let i(y) = 4*y - 3. Let n be 1 - (-1 - (-8 - -2)). Let q(z) = -z + 1. Let t(w) = 3*w + 1. Let x(g) = -6*q(g) - 3*t(g). Let s be x(n). Calculate i(s).
9
Let b(q) = 3*q - 30. Suppose 6 = -3*y + 5*g + 52, 0 = 2*g + 4. Calculate b(y).
6
Suppose 3*h + 4*i - 10 = 0, -h - 3*i = -0 - 5. Let r(b) = -3*b**3 + 2*b**3 - 6*b**2 - h*b**2 + 7*b. Let l be -12*(37 - (-435)/(-12)). Determine r(l).
18
Let j(l) = -2*l**3 - 14*l**2 + 15*l + 20. Let m = -11250 - -11242. What is j(m)?
28
Let l(r) = 17*r**3 + 13*r**2 - 20*r + 32. Let h(o) = -10*o**3 - 7*o**2 + 10*o - 17. Let j(y) = -5*h(y) - 3*l(y). What is j(-6)?
1
Let b(g) be the first derivative of 14 - 1/3*g**3 - 17/2*g**2 + 0*g - 1/24*g**4. Let f(o) be the second derivative of b(o). Give f(4).
-6
Let n(j) be the second derivative of j**4/12 - j**3/6 - 31*j. Let f be (-4)/(-18) + (-16)/(-9). Let o be f/(-13) - 0 - 1025/(-325). Calculate n(o).
6
Let g = -4610 - -4621. Let r(n) = 2*n - 34. Determine r(g).
-12
Let c be (-1)/(4/(17 - -3)). Let a(f) = -f**2 + 2*f + 2. Let d(b) = -3*b**2 + 4*b + 5. Let y(m) = -5*a(m) + 2*d(m). What is y(c)?
-15
Let y(a) = -7*a**2 - 97*a + 12. Let n(l) = -14*l**3 - 4*l**2 + 12*l - 8. Let w be n(1). Calculate y(w).
-2
Let x(q) be the first derivative of -q**4/4 + 7*q**3/3 - 2*q**2 - 8*q - 12082. Suppose 13*v = 8*v + 30. Calculate x(v).
4
Suppose 60*j + 157*j + 291 = 3329. Let s(k) be the third derivative of 0*k - 11/6*k**3 + 1/24*k**4 - j*k**2 + 0. Give s(7).
-4
Suppose 2*t + 0*t - 6 = -5*f, 2*t - 2 = -3*f. Let k(x) be the second derivative of x**3 + x**2/2 - 98*x. What is k(t)?
-11
Let s(k) be the second derivative of k**5/20 - k**4/4 + 2*k**3 - 27*k**2/2 - 10*k - 30. Give s(4).
37
Let l(k) = -7*k**2 - 2*k + 15. Let d(n) = -8*n**2 - 5*n + 13. Let t(g) = 6*d(g) - 7*l(g). Determine t(19).
30
Let o(h) = h**3 - 2*h**2 + 3*h + 2. Suppose 0 = -2*v - 1 + 7. Suppose 955 - 127 = 207*r. Suppose -y - r*y + 5 = 0, -v*s + y = -8. Give o(s).
20
Let v(o) = -2*o**2 + 5*o + 225. Let q(k) = k**2 - 2*k - 120. Let z(l) = -9*q(l) - 5*v(l). Give z(11).
-1
Let o = 53362 + -53363. Let b(t) = 5*t - 2. Let s be -3 - (-3 - 1) - -3. Let y(k) = -6*k + 3. Let z(n) = s*b(n) + 3*y(n). Give z(o).
-1
Let z(m) = -21*m - 64. Let w(u) = 3*u + 11. Let q(t) = -6*w(t) - z(t). Give q(-2).
-8
Let m(h) be the second derivative of -h**5/20 + 11*h**4/12 + 2*h**3/3 + 3*h**2 - 345*h + 4. Determine m(12).
-90
Let d(b) be the first derivative of -2*b**2 + 133*b - 4887. Calculate d(37).
-15
Suppose 0*o + 2*o - 10 = 0. Let r = o - 11. Let u be 4 + 0/3 + r. Let b(j) = 2*j**2 - 3*j - 1. Give b(u).
13
Let p(a) = -a**3 + 22*a**2 - 35*a - 97. Let w be p(20). Let h(u) = u**2 - 15*u + 46. What is h(w)?
10
Suppose -2*a - 5*z + 9*z = 66, -a + z - 25 = 0. Let h(o) = o**3 + 17*o**2 - 17. Determine h(a).
-17
Let r be ((-6)/5)/(1/((-40)/2)). Let m(z) = -z**2 + 23*z + 30. Calculate m(r).
6
Let x(r) be the first derivative of -23*r**2/2 + 14*r + 3992. Determine x(4).
-78
Let p = -244 + 235. Let z(f) be the third derivative of f**5/60 + 11*f**4/24 - 5*f**3/6 + 18*f**2. Calculate z(p).
-23
Let i = 30 - 29. Let u(x) = 441*x - 441*x + 2*x**2 - 3*x**2. Let l(q) = 2*q**2 + 4*q + 1. Let a(v) = i*u(v) + l(v). What is a(-3)?
-2
Let j(d) = -d**2 - 5*d + 6. Suppose -555*l + 1815 = -192*l. Let i = -10 + 14. Suppose -i*o = -2*q + 12, 3*q - l = -3*o - 32. Calculate j(o).
6
Let c(q) = -q**3 - 13*q**2 - 11*q - 5. Let m be c(-11). Let u = m - -126. Let b(f) be the first derivative of -f**3/3 - 3*f - 4. Determine b(u).
-3
Let k(z) = 2*z**3 - 52*z**2 + 52*z - 47. Let h be k(25). Suppose -8*i - 4*n = -h*i - 14, 0 = 3*i - 2*n - 4. Let g(w) = -w**3 + 4*w**2 - 4*w + 2. Calculate g(i).
2
Let x(d) be the second derivative of -2 - 96*d - 23/2*d**2 - 1/3*d**3. What is x(-8)?
-7
Let h = -3 - -10. Let z(s) be the third derivative of s**6/120 - 7*s**5/60 + s**4/24 + s**3 + 15*s**2 + 21. Give z(h).
13
Let j(h) be the first derivative of h**5/60 + h**4/4 + 7*h**3/6 + 45*h**2/2 - 22. Let l(s) be the second derivative of j(s). Give l(-6).
7
Let g(s) = -11 - 9*s + 7*s**2 - 11*s**2 + s**2 + 4*s**2. Suppose -27*m + 351 = 12*m. What is g(m)?
-11
Let d(a) = -a**2 + 8*a - 6. Suppose -5*v - 14 + 44 = 0. Suppose -v*g - 130 = -11*g. Suppose -6*p + g = -16. Determine d(p).
1
Suppose 0 = -3*c + 26 - 14. Let f(l) = -1 - l**2 - 7*l + 2*l**2 - 6 - c - 12. Give f(9).
-5
Let n(h) be the first derivative of -h**2 - 5*h**3 + 2*h**3 + 11*h**3 - 24 - 7*h**3. Suppose -6*q = 10 - 22. Determine n(q).
8
Let c(j) = -3*j**3 + 11*j**2 + 4*j + 1. Suppose x + 4*r + 248 - 224 = 0, 4*r = -28. Calculate c(x).
1
Let r(f) = f**2 - 19*f + 11. Suppose -4*c = -o + 23, -6*c - 4 = -2*c. Let g be r(o). Let b(y) = -g - y + 0*y - y + 3*y. Calculate b(9).
-2
Suppose 5*s = 6*s - 1, -4*s + 20 = z. Let q(f) = -z*f + 31*f - 22*f. Calculate q(-1).
7
Let h(j) = 3*j + 10. Let y be h(2). Let k(s) = -y*s + 3 - 17*s + 32*s + 12. Determine k(15).
0
Suppose -141*t + 134*t + 21 = 0. Let q(d) = 7*d - 8*d**3 + 7*d**2 - 11*d**3 + 37*d**t - 10*d**3 - 7*d**3. Give q(-6).
-6
Let s(v) = 19*v + 30. Let m(l) = -17*l - 14. Let h(u) = -2*m(u) - 3*s(u). Calculate h(-3).
7
Let z be ((-10)/4)/(2/(-4)). Suppose 5*h - 7 = 4*o + 2, -3*h + 5*o + 8 = 0. Let j(a) = -h - 158*a + 5*a**2 + 7 - a**3 + 158*a. What is j(z)?
6
Let o(n) = 2*n. Let g(j) be the second derivative of j**5/20 + 5*j**4/12 + 5*j**3/6 - j**2/2 - 21*j. Let l be g(-4). Let t = l + 8. Determine o(t).
6
Let j(i) = i**3 + 24*i**2 - 29*i - 97. Let q be j(-25). Let b(m) be the first derivative of -2*m**2 + 3*m - 1/3*m**q - 20. Give b(-5).
-2
Let m(o) = -o**2 + 7*o - 4. Let v be (-1825)/(-375) + 4/30. Suppose r - 2*y + 28 = v*r, -2*r + 2*y = -8. What is m(r)?
2
Let s(n) = -87*n - 62 - 173*n + 254*n. Determine s(-14).
22
Let l(d) = -d**2 + 25*d + 29. Let x(c) = c**2 - 4*c + 4. Let f(n) = -l(n) - 2*x(n). What is f(-11)?
29
Let q(v) = -8*v + 202. Let g = 20944 - 20919. Calculate q(g).
2
Suppose 45*m - 4*m = 1353. Suppose 0 = 10*y + m*y. Let q(l) = -l**2. Let a(c) = -2*c**2 + c - 10. Let f(z) = a(z) - 3*q(z). Calculate f(y).
-10
Suppose -15 = -3*j + 18. Let u(h) be the third derivative of h**5/60 - h**4/2 - h**3/3 - 23*h**2 - 18*h. Calculate u(j).
-13
Suppose -3*x + 5*s = -34, 0*x - 2*s - 12 = -x. Suppose -x*l = -7*l - f - 6, 5*f = -2*l - 9. Let r(c) = 4*c - 3. Determine r(l).
9
Suppose 767 = 18*n + 857. Let p(g) be the first derivative of -5/3*g**3 + 3 + 7*g - 1/4*g**4 - 1/2*g**2. Give p(n).
12
Let t(l) = 2*l + 3. Suppose 3*d - 384 = -5*d. Suppose -d*r = -52*r + 20. What is t(r)?
13
Let o(z) = 128*z**2 + z - 4. Let j(f) = -157*f**2 - f + 5. Let m(r) = 4*j(r) + 5*o(r). What is m(-1)?
11
Let n be -8 + 10/5 - (-1 - 5). Let p(v) = -2*v + 11. Calculate p(n).
11
Let n(u) = 12*u - 67. Let b be n(6). Suppose 0 = -5*v + 5*k - 25, 8 + 14 = -4*v + b*k. Let j(a) = a**3 + 2*a**2 - a + 2. Give j(v).
-4
Let f = 323 - 263. Suppose f = -i - 9*i. Let n(b) = -b**2 - 8*b - 5. Determine n(i).
7
Suppose 0 = -4*x - 4 + 12. Let i(s) = 3*s - 9 + 8*s**x + 7*s + 22*s**3 - 23*s**3. Give i(9).
0
Let p(f) = -f**3 + 6*f**2 + 2*f + 7. Suppose -m + 47 = a, 4*m = -0*m + 2*a + 206. Suppose 46*n = m*n - 120. Suppose -37*w + 42*w - n = 0. What is p(w)?
19
Let r be ((-2)/5)/((-3)/30). Suppose -2*s - 2*j = 0, 3 = 5*s - 4*j - 15. Let t(g) = s*g + 3*g - 4*g + 0*g. Give t(r).
4
Let v be 24/96 - 28/(-